se
Is 999 a factor of 210362195?
False
Is 6949047 even?
False
Is 12793483 a multiple of 263?
False
Is 1708843230 a multiple of 10422?
True
Is 4145404358 a multiple of 1573?
False
Is 5771384 a multiple of 8?
True
Is 354469500 a multiple of 868?
True
Is 167 a factor of 163326206?
False
Does 990 divide 15054930?
True
Is 18 a factor of 1825177?
False
Is 26284927 a multiple of 14?
False
Is 39 a factor of 1709578818?
False
Is 257 a factor of 115534416?
False
Is 168618140 a multiple of 1482?
False
Is 123779280 a multiple of 381?
True
Is 8754589 a multiple of 4?
False
Is 18 a factor of 2503664697?
False
Does 10 divide 157251080?
True
Does 41 divide 20409532?
False
Is 1203 a factor of 21204270?
False
Does 5 divide 204703518?
False
Is 215420977 a multiple of 4?
False
Is 47 a factor of 6481172?
False
Is 10 a factor of 1303000376?
False
Is 189785120 a multiple of 709?
True
Is 2160466 a multiple of 313?
False
Does 49 divide 35016414?
False
Is 3425980 a multiple of 973?
False
Is 210 a factor of 47474490?
True
Is 2585003217 a multiple of 1814?
False
Is 20 a factor of 62320?
True
Is 18 a factor of 5224373491?
False
Is 9527521 a multiple of 13?
False
Is 28 a factor of 844696498?
False
Is 66159450 a multiple of 25?
True
Does 335 divide 695326842?
False
Does 270 divide 84055860?
True
Does 1486 divide 880449023?
False
Does 21 divide 234551754?
False
Is 593787692 a multiple of 2035?
False
Does 38 divide 2826222412?
True
Is 846 a factor of 1171412109?
False
Is 1821384140 a multiple of 1791?
False
Is 776 a factor of 281682568?
True
Is 6286049944 a multiple of 6647?
False
Is 3262500 a multiple of 250?
True
Is 3507 a factor of 228100756?
False
Is 1896420456 a multiple of 6?
True
Is 1260 a factor of 530264371?
False
Does 36 divide 1316543?
False
Is 311708826 a multiple of 48?
False
Does 159 divide 3611324?
False
Is 76 a factor of 1383054813?
False
Is 53 a factor of 3200193?
True
Does 50 divide 10498068?
False
Does 1463 divide 345165418?
False
Is 3591914870 a multiple of 85?
True
Does 814 divide 6732594?
True
Is 878 a factor of 129908880?
True
Is 646 a factor of 376745262?
True
Does 55 divide 2280228?
False
Is 50538019 a multiple of 3367?
False
Does 39 divide 165427314?
True
Is 25 a factor of 55119828?
False
Does 8 divide 44037776?
True
Does 15 divide 777900120?
True
Is 369 a factor of 75739994?
False
Is 151 a factor of 283037584?
False
Is 502 a factor of 134439616?
True
Is 18 a factor of 158678478?
True
Is 31329016 a multiple of 2984?
True
Is 5127412 even?
True
Is 10424730 a multiple of 1594?
False
Is 25 a factor of 136257775?
True
Is 365676280 a multiple of 955?
False
Does 6 divide 37953554?
False
Is 908466052 a multiple of 26?
True
Is 6 a factor of 406989480?
True
Is 33025608 a multiple of 3036?
True
Does 250 divide 219739750?
True
Is 1581083745 a multiple of 55?
False
Is 2543969415 a multiple of 39?
True
Is 33531991 a multiple of 24?
False
Is 16 a factor of 145113408?
True
Does 16 divide 362636048?
True
Does 351 divide 277575983?
False
Is 3639531696 a multiple of 3184?
True
Is 251 a factor of 639498925?
False
Is 14 a factor of 3682924?
True
Is 398039710 a multiple of 185?
True
Is 98439920 a multiple of 562?
True
Is 1262 a factor of 16190753?
False
Is 36 a factor of 344538357?
False
Does 37 divide 267519694?
True
Does 2125 divide 154930641?
False
Is 3486 a factor of 896958258?
True
Does 8 divide 372593832?
True
Is 12 a factor of 150044133?
False
Does 2296 divide 70545690?
False
Does 2997 divide 574572394?
False
Is 5035 a factor of 143180295?
True
Is 2594823149 a multiple of 43?
False
Is 471 a factor of 63136608?
True
Does 820 divide 1427880760?
True
Is 2041567897 a multiple of 2677?
False
Is 4719 a factor of 444289580?
False
Is 28805762 a multiple of 391?
False
Does 12 divide 76039054?
False
Does 7 divide 89318530?
True
Is 79 a factor of 41295822?
False
Is 33 a factor of 60439643?
False
Is 581 a factor of 154412370?
True
Is 3567 a factor of 266170524?
False
Is 982144476 a multiple of 115?
False
Is 1046392595 a multiple of 4?
False
Is 237912064 a multiple of 12?
False
Does 1242 divide 8974526?
False
Is 652610420 a multiple of 22?
True
Is 83 a factor of 2869196?
False
Is 33 a factor of 9369261?
True
Is 18 a factor of 268829341?
False
Is 63928551 a multiple of 7?
False
Is 60449938 a multiple of 1057?
False
Is 46106385 a multiple of 359?
False
Is 486578784 a multiple of 35?
False
Does 285 divide 22973339?
False
Is 15117032 a multiple of 28?
True
Is 499 a factor of 57054285?
False
Is 138682611 a multiple of 783?
True
Does 328 divide 28431368?
True
Is 24 a factor of 76959235?
False
Does 1387 divide 2676248401?
True
Does 3 divide 273876267?
True
Does 157 divide 109519432?
True
Is 837986910 a multiple of 4546?
True
Does 13 divide 1087713354?
True
Is 5420363 a multiple of 53?
True
Is 392216341 a multiple of 95?
False
Is 256273 a multiple of 146?
False
Is 35 a factor of 142058055?
False
Does 724 divide 18091312?
True
Is 92705543 a multiple of 199?
True
Is 14 a factor of 617754872?
True
Is 1583 a factor of 763320853?
False
Is 4518 a factor of 667182096?
True
Does 51 divide 24275745?
True
Is 10921716 a multiple of 39?
True
Is 163756978 a multiple of 372?
False
Is 324 a factor of 14231700?
True
Does 3178 divide 53898880?
True
Is 93 a factor of 17597794?
False
Is 74558825 a multiple of 3425?
True
Is 41 a factor of 477551319?
False
Does 117 divide 4794075?
True
Is 11026394 a multiple of 4?
False
Does 4 divide 89228843?
False
Is 102016238 a multiple of 2309?
True
Is 120277950 a multiple of 13?
True
Is 497416218 a multiple of 1385?
False
Is 2370 a factor of 136813729?
False
Is 122803497 a multiple of 175?
False
Is 412385405 a multiple of 155?
True
Does 20 divide 1555257620?
True
Is 80 a factor of 149649200?
True
Does 5 divide 65125920?
True
Does 619 divide 373607320?
False
Does 1416 divide 4490314494?
False
Does 63 divide 119272844?
False
Is 39833059 a multiple of 497?
True
Is 14 a factor of 54931001?
False
Is 117816178 a multiple of 454?
True
Is 314755733 a multiple of 109?
False
Is 362421353 a multiple of 5117?
False
Is 306 a factor of 5906412?
True
Is 18 a factor of 242563266?
True
Is 81 a factor of 98769375?
True
Does 96 divide 52059397?
False
Is 174 a factor of 80282223?
False
Does 2 divide 200395866?
True
Is 9775630 a multiple of 1055?
True
Does 936 divide 14233548?
False
Is 145143250 a multiple of 7?
True
Is 9816286 a multiple of 69?
False
Does 21 divide 1932709086?
True
Does 6 divide 48929506?
False
Is 368808044 a multiple of 865?
False
Is 11 a factor of 39765083?
False
Is 160 a factor of 921292876?
False
Is 13089218 a multiple of 94?
True
Does 25 divide 428999975?
True
Does 15 divide 194892?
False
Does 3 divide 117045033?
True
Does 1001 divide 40038999?
True
Is 163859342 a multiple of 1262?
True
Does 2295 divide 1222385850?
True
Is 1516 a factor of 2467054801?
False
Does 111 divide 50318151?
False
Is 42094333 a multiple of 337?
True
Is 629685255 a multiple of 2852?
False
Is 4 a factor of 58649866?
False
Is 2524 a factor of 438711584?
True
Is 6956 a factor of 1095896932?
True
Does 7305 divide 3557147340?
False
Does 6 divide 10252095?
False
Is 7 a factor of 199049865?
True
Is 22897525 a multiple of 5?
True
Is 32 a factor of 25401792?
True
Is 159 a factor of 491614?
False
Is 316326199 a multiple of 771?
False
Is 42 a factor of 2179005654?
True
Is 73261760 a multiple of 33?
False
Does 511 divide 353622458?
False
Is 38653136 a multiple of 190?
False
Is 949931215 a multiple of 66?
False
Is 16 a factor of 6259975?
False
Is 541 a factor of 1689502440?
False
Is 298456563 a multiple of 843?
True
Is 105 a factor of 15905610?
True
Is 544012224 a multiple of 224?
True
Is 10349154 a multiple of 83?
False
Is 3248276 a multiple of 2?
True
Does 208 divide 1599026?
False
Is 26572686 a multiple of 7?
True
Is 57387393 a multiple of 119?
True
Is 24704410 a multiple of 66?
False
Does 11662 divide 2196114107?
False
Is 164986128 a multiple of 72?
True
Is 12 a factor of 467953788?
True
Is 12807984 a multiple of 56?
True
Is 4700956008 a multiple of 194?
True
Is 25 a factor of 25203575?
True
Is 30 a factor of 45507080?
False
Is 115 a factor of 98072153?
False
Is 364637294 a multiple of 1097?
False
Is 737 a factor of 314239112?
True
Is 2 a factor of 337329230?
True
Is 766947177 a multiple of 759?
